 factors of 8987357?
8987357
List the prime factors of 12834403.
31, 414013
List the prime factors of 127879.
41, 3119
List the prime factors of 364756.
2, 7, 1861
What are the prime factors of 3253263?
3, 13, 83417
What are the prime factors of 92512?
2, 7, 59
List the prime factors of 7458499.
7458499
What are the prime factors of 110625?
3, 5, 59
What are the prime factors of 5960072?
2, 19, 113, 347
What are the prime factors of 455795?
5, 91159
What are the prime factors of 3554009?
157, 22637
List the prime factors of 1162962.
2, 3, 64609
List the prime factors of 532832.
2, 16651
List the prime factors of 49010.
2, 5, 13, 29
List the prime factors of 10474454.
2, 5237227
What are the prime factors of 4783717?
4783717
List the prime factors of 702243.
3, 31, 839
List the prime factors of 19709134.
2, 9854567
What are the prime factors of 10097033?
83, 239, 509
What are the prime factors of 603430?
2, 5, 60343
What are the prime factors of 1475872?
2, 17, 2713
What are the prime factors of 7062678?
2, 3, 7, 56053
List the prime factors of 266380.
2, 5, 19, 701
List the prime factors of 1650527.
389, 4243
What are the prime factors of 5192034?
2, 3, 865339
What are the prime factors of 547182?
2, 3, 10133
List the prime factors of 2472058.
2, 163, 7583
List the prime factors of 246436.
2, 61609
List the prime factors of 4816165.
5, 109, 8837
List the prime factors of 12079008.
2, 3, 41941
What are the prime factors of 39256342?
2, 431, 45541
What are the prime factors of 791876?
2, 197969
What are the prime factors of 689332?
2, 7, 3517
What are the prime factors of 10585298?
2, 41, 129089
What are the prime factors of 1511350?
2, 5, 167, 181
What are the prime factors of 4772253?
3, 631, 2521
What are the prime factors of 16577642?
2, 1187, 6983
What are the prime factors of 7175386?
2, 3587693
List the prime factors of 5242673.
5242673
What are the prime factors of 11641973?
7, 1259, 1321
List the prime factors of 1382180.
2, 5, 69109
List the prime factors of 914990.
2, 5, 91499
List the prime factors of 576327.
3, 19, 10111
List the prime factors of 4904799.
3, 29, 56377
List the prime factors of 16734.
2, 3, 2789
List the prime factors of 24748.
2, 23, 269
List the prime factors of 812991.
3, 17, 19, 839
List the prime factors of 13082638.
2, 47, 139177
What are the prime factors of 10660914?
2, 3, 11, 23, 2341
What are the prime factors of 243698?
2, 7, 13, 103
What are the prime factors of 17069253?
3, 1009, 5639
List the prime factors of 539536.
2, 33721
List the prime factors of 448069.
17, 26357
What are the prime factors of 1400767?
1151, 1217
List the prime factors of 198957.
3, 11, 6029
What are the prime factors of 15726415?
5, 3145283
What are the prime factors of 8472073?
23, 479, 769
List the prime factors of 1021062.
2, 3, 7, 23, 151
List the prime factors of 213296.
2, 13331
List the prime factors of 1166545.
5, 181, 1289
List the prime factors of 3414255.
3, 5, 13, 17509
What are the prime factors of 2199981?
3, 7, 104761
List the prime factors of 3422829.
3, 67, 17029
List the prime factors of 279927.
3, 19, 1637
List the prime factors of 145300.
2, 5, 1453
List the prime factors of 2296623.
3, 7, 109363
List the prime factors of 26592434.
2, 11, 67, 18041
List the prime factors of 333421.
11, 17, 1783
List the prime factors of 5576575.
5, 223063
List the prime factors of 13211487.
3, 31, 47353
What are the prime factors of 646566?
2, 3, 107761
List the prime factors of 258125.
5, 7, 59
What are the prime factors of 6149652?
2, 3, 643, 797
List the prime factors of 337970.
2, 5, 33797
What are the prime factors of 14896576?
2, 43, 5413
What are the prime factors of 4506301?
4506301
What are the prime factors of 1716231?
3, 11, 131, 397
List the prime factors of 1149306.
2, 3, 191551
What are the prime factors of 538239?
3, 13, 37, 373
What are the prime factors of 3493672?
2, 7, 13, 4799
What are the prime factors of 24505577?
41, 597697
What are the prime factors of 4664658?
2, 3, 59, 13177
What are the prime factors of 2532757?
19, 133303
List the prime factors of 1390679.
41, 107, 317
What are the prime factors of 1915132?
2, 683, 701
What are the prime factors of 378138?
2, 3, 19, 31, 107
List the prime factors of 5334716.
2, 1333679
What are the prime factors of 3610489?
1289, 2801
List the prime factors of 3100085.
5, 43, 14419
List the prime factors of 54678.
2, 3, 13, 701
List the prime factors of 155328.
2, 3, 809
List the prime factors of 10272808.
2, 7, 13, 103, 137
List the prime factors of 1239356.
2, 83, 3733
What are the prime factors of 574751?
29, 19819
List the prime factors of 492795.
3, 5, 47, 233
List the prime factors of 3866644.
2, 966661
List the prime factors of 2336325.
3, 5, 31151
What are the prime factors of 221172?
2, 3, 7, 2633
List the prime factors of 920933.
13, 70841
What are the prime factors of 298060?
2, 5, 7, 2129
List the prime factors of 9039532.
2, 29, 149, 523
List the prime factors of 186540.
2, 3, 5, 3109
What are the prime factors of 1454213?
509, 2857
What are the prime factors of 3706655?
5, 47, 15773
List the prime factors of 707307.
3, 43, 5483
List the prime factors of 311994.
2, 3, 17333
What are the prime factors of 4582660?
2, 5, 229133
What are the prime factors of 53707?
43, 1249
List the prime factors of 1052418.
2, 3, 175403
What are the prime factors of 165051?
3, 6113
List the prime factors of 24745589.
11, 204509
What are the prime factors of 476963?
29, 16447
What are the prime factors of 701714?
2, 13, 137, 197
List the prime factors of 213552.
2, 3, 1483
List the prime factors of 649088.
2, 11, 461
What are the prime factors of 22486212?
2, 3, 7, 89231
List the prime factors of 609251.
71, 8581
What are the prime factors of 725219?
11, 65929
What are the prime factors of 17903594?
2, 163, 54919
List the prime factors of 232969.
11, 21179
List the prime factors of 39580.
2, 5, 1979
List the prime factors of 239682.
2, 3, 43, 929
What are the prime factors of 487454?
2, 11, 22157
List the prime factors of 866535.
3, 5, 41, 1409
What are the prime factors of 623269?
623269
List the prime factors of 193895.
5, 13, 19, 157
What are the prime factors of 95144?
2, 7, 1699
What are the prime factors of 24150326?
2, 491, 24593
List the prime factors of 210784.
2, 7, 941
List the prime factors of 755663.
755663
List the prime factors of 4497493.
7, 11, 13, 4493
What are the prime factors of 557430?
2, 3, 5, 17, 1093
What are the prime factors of 342260?
2, 5, 109, 157
List the prime factors of 19178130.
2, 3, 5, 773, 827
What are the prime factors of 16566431?
7, 31, 76343
What are the prime factors of 3197245?
5, 163, 3923
List the prime factors of 12832531.
12832531
What are the prime factors of 79146?
2, 3, 4397
List the prime factors of 24295268.
2, 23, 181, 1459
What are the prime factors of 41166?
2, 3, 2287
List the prime factors of 892824.
2, 3, 37201
What are the prime factors of 29825016?
2, 3, 13, 109, 877
What are the prime factors of 36316228?
2, 13, 61, 107
What are the prime factors of 854190?
2, 3, 5, 9491
What are the prime factors of 198247?
7, 127, 223
List the prime factors of 3088295.
5, 7, 88237
List the prime factors of 12796459.
13, 31, 113, 281
List the prime factors of 420948.
2, 3, 11, 1063
What are the prime factors of 2483039?
13, 409, 467
What are the prime factors of 1265611?
1265611
List the prime factors of 21931282.
2, 19, 23, 1091
What are the prime factors of 5733511?
7, 819073
List the prime factors of 2074062.
2, 3, 43, 8039
List the prime factors of 3738062.
2, 17, 109943
What are the prime factors of 3082752?
2, 3, 223
What are the prime factors of 2198674?
2, 1099337
List the prime factors of 20737.
89, 233
List the prime factors of 3194693.
1087, 2939
List the prime factors of 4174790.
2, 5, 417479
List the prime factors of 4319179.
1787, 2417
What are the prime factors of 229796?
2, 7, 29, 283
List the prime factors of 729038.
2, 479, 761
List the prime factors of 170838.
2, 3, 9491
What are the prime factors of 992052?
2, 3, 17, 1621
List the prime factors of 243772.
2, 60943
List the prime factors of 30817375.
5, 246539
List the prime factors of 2622293.
2622293
What are the prime factors of 3662883?
3, 7, 53, 1097
L